 i(5)?
3
Suppose 3*l + 121 = 706. What is the tens digit of l?
9
Suppose 0 = -t + 3*p - 28, t - 4 = -4*p + 3. Let q = -8 - t. Suppose q*j + 20 = -4*h + 5*h, 2*j + 54 = 5*h. What is the tens digit of h?
1
Let k be ((-3)/6)/(1/14). Let b = k + 9. What is the units digit of b?
2
Let t(p) be the second derivative of p**3/3 + p**2 + 2*p. Let i be t(-4). What is the units digit of 122/14 - i/21?
9
Suppose -t + 5*t = -5*d + 1118, 0 = -t + 3*d + 271. What is the units digit of t?
7
Let j = -75 - -127. Let a = -25 + j. Suppose -5*q - a = -82. What is the units digit of q?
1
Let i(t) = t**3 + 15*t**2 - 19*t + 24. What is the tens digit of i(-16)?
7
Suppose 0 = 5*i - 2*l + 81, -7*i + 4*l = -3*i + 72. Let z = i + 31. What is the units digit of z?
6
What is the units digit of 56 - 1 - 0/18?
5
Let y = 100 + -27. What is the units digit of y?
3
Let p = -13 - -22. Let d be p/4*(-56)/(-21). What is the units digit of (-114)/(-27) - d/27?
4
Suppose 7*a = 2*a + 10. What is the tens digit of (-630)/(-20) + a/(-4)?
3
Let x = 12 + -4. Suppose 5*z - 13 = -3*b - b, -2*z + x = 3*b. What is the units digit of b?
2
Suppose 0 = -7*h + 12*h - 185. What is the tens digit of h?
3
Let l(q) = 4*q**2 + q - 1. Let u(w) be the second derivative of 3*w**4/4 + w**3/6 - w**2 + w. Let t(b) = 5*l(b) - 2*u(b). What is the units digit of t(-3)?
8
What is the tens digit of 9/6 + (-255)/(-6)?
4
Let y(j) = j**2 + 3*j + 6. Let r(k) = -k - 2. Let n be r(-7). Suppose 0*q + 20 = -n*q. What is the units digit of y(q)?
0
Let u(t) = t**3 + 7*t**2 + 5*t - 2. Let i be u(-6). Let w be -3*-2*2/i. What is the units digit of -5 - (-9)/w - -8?
6
Suppose -6*h - 5*l = -h + 35, -4*l = 3*h + 18. Let d = h - -22. What is the tens digit of d?
1
Suppose 0 = 2*f - 6 - 2. Suppose 3*j - f*n + 11 = -5, 5*n = -3*j + 20. What is the units digit of (-24)/(-3) - j - -3?
1
Let b be 1 - (-1 - (-3 + 4)). Let g = 1 + b. Suppose -g*s + 8 = -0*s. What is the units digit of s?
2
Let j(d) = 7*d - 4. Let a = 0 - -7. What is the units digit of j(a)?
5
Suppose -k - 14 = -4*r, 0 = 3*k + 2*k - 4*r + 6. Suppose 0 = 3*z + k*i - 44, -z + 2*i = -2*i - 24. What is the tens digit of z?
1
Let t = 48 + -31. Suppose t = -4*u + 85. What is the tens digit of u?
1
What is the tens digit of 4/18 + 178/9?
2
Let s(a) be the second derivative of a**3/3 - 3*a**2/2 + a. Let b be s(3). Let w = b + 3. What is the units digit of w?
6
Suppose 0*l = -2*l - 12. Let y = l - -10. What is the units digit of y?
4
Let p = 73 + -41. What is the tens digit of p?
3
What is the tens digit of (-1)/3 + (-3184)/(-12)*1?
6
Suppose -n + x = -5, -n - 3*x - 5 = 2. Let h(a) = -4*a**n - 3*a**3 - 2*a + 2*a**3 + 6 - 1. What is the tens digit of h(-4)?
1
Let t(f) = -f**3 + 5*f**2 + 8*f - 7. Let y(l) = -2*l**3 + l**2 + l. Let v be y(-2). Suppose -4*w = 3*a - v, 26 = 3*w - 3*a - a. What is the units digit of t(w)?
5
Let f = 8 + -2. Suppose -f*b + 3*j + 21 = -3*b, -4*j = 20. What is the units digit of b?
2
Let v(w) = -w + 1. Let s be v(-3). Suppose -8 = -s*c - 0*c. Suppose -c*p + 42 = p. What is the tens digit of p?
1
Let v(k) = -3*k**3 + 3*k**2 + 3*k + 2. What is the units digit of v(-2)?
2
Let k = -6 - -10. What is the units digit of (-2 + 8)/(k/30)?
5
Let t = 293 + -145. What is the tens digit of t?
4
What is the units digit of ((-6)/4)/(12/(-16))?
2
Let j be 424/36 + 4/18. What is the units digit of (j/(-10))/(9/(-60))?
8
Suppose 2*c = 5*d - 45, -4*d + d = -2*c - 31. What is the units digit of d/14*2*5?
5
Let r be ((-25)/(-15))/(2/(-24)). Let z = 28 + r. Suppose -h - z = -5*h. What is the units digit of h?
2
Suppose 2*f + 16 = -4*k, 5*f + 2*k + 10 = -2*k. Let m = 7 - f. What is the units digit of m?
5
Let r be 6/15 + 264/15. Suppose z = 2*d + r, 43 + 17 = 4*z - 4*d. Suppose 4*f + 3 = -3*q, -q - 4*q - f = -z. What is the units digit of q?
3
Let z(o) = o**2 - 6*o - 2. Let r be z(6). Let p(y) = 6*y**2 - y. What is the tens digit of p(r)?
2
Suppose 3*m - 571 = -5*z, -4*z - 179 = -4*m + 3*m. What is the tens digit of m?
8
Let f be -9 + 6 + -3 + 2. Suppose 0 = -y - 0*y - 2. Let d = y - f. What is the units digit of d?
2
Let i(f) = f**2 - 5*f - 1. Suppose 14 - 6 = -2*d + 5*p, -4*d + 2*p = -16. Let x be i(d). Suppose -x*t + 20 = 4*l, 3*t + 10 = -2. What is the units digit of l?
0
What is the tens digit of -86*((-3)/2 - -1)?
4
Let b(p) = p. Let n be b(5). What is the units digit of -3 + (27 - (n + -3))?
2
Suppose 30 + 15 = -5*s. What is the units digit of (6 + -1)*s/(-5)?
9
Let v be (94/(-2) + 1)/(-2). Let i be (v + 1)*2/4. What is the units digit of (i/18)/((-2)/(-6))?
2
Suppose 120 = -2*t + 314. What is the units digit of t?
7
Let v(r) = r**3 + 5*r**2 + 4*r + 6. What is the units digit of v(-4)?
6
Suppose -w + 6*w + 170 = 5*p, p = -5*w + 22. Let a = p - 19. Let r = 1 + a. What is the units digit of r?
4
Let i = -6 - -6. Let p be 4/4*(i + 5). Suppose -5 = -p*k, -2*z + k = -7 - 18. What is the tens digit of z?
1
Suppose -5*h - 5*w = -50, 5*h + 0*h = -2*w + 50. What is the tens digit of h?
1
Let c be (-1 - -4)*(-12)/9. Let n(b) = b + 5. What is the units digit of n(c)?
1
Let k = -3 + 6. Suppose -2*r - k = -11. Let i = r - -2. What is the units digit of i?
6
Suppose 2*o = 6*o, -3*o = 5*p - 150. What is the tens digit of p?
3
Suppose 2*q = -4*q + 282. What is the tens digit of q?
4
Suppose 2*f + 76 = 2*j - 600, f - 682 = -2*j. What is the units digit of j?
0
Let m(h) = -4*h - 1. Let j(i) = i**3 + 8*i**2 - i - 9. Let z be j(-8). Let b be m(z). What is the units digit of (-1)/b - 37/(-3)?
2
Let v = -62 - -87. Suppose -5*q = -5*p + v, -6*q = -4*p - q + 18. What is the units digit of p?
7
Let o(p) = -p**3 + 6*p**2 - 7*p + 1. Suppose -5*s + 20 = -s. Let b be o(s). What is the units digit of b/(-6)*2*1?
3
Let u(r) = r + 2. Let f be u(2). Suppose -f*w + 6 = -6. What is the units digit of w?
3
Suppose 0*c - 4*c = -100. What is the units digit of c?
5
Suppose -t + 2 = -7. What is the units digit of t?
9
Suppose 5*k + 1 = -4. Let l = 4 - k. Suppose -2*d = -l*d + 27. What is the units digit of d?
9
Suppose 6*d - 4*d = 6. Let y(w) = -1 + 6*w + 1 - w**2 - 2. What is the units digit of y(d)?
7
Let c(d) = 2 - 2 + d**2 + 1 + d + 16*d**3. Let k be c(-1). Let z = k - -25. What is the units digit of z?
0
Suppose -2*b + 8 = 2*b. Suppose 3*p = p. Let n = b - p. What is the units digit of n?
2
What is the units digit of 2/4 + (-33)/(-2)?
7
Let c = -50 + 52. What is the units digit of c?
2
Suppose -4*b = 20 + 36. What is the units digit of 2/8 + b/(-8)?
2
Let q(h) = 2*h. Let k be 18/14 + 4/(-14). Let w be q(k). Suppose -w*y - 20 = -6*y. What is the units digit of y?
5
Let l be 0/2 + 8/4. What is the tens digit of 1/(l + 105/(-54))?
1
Suppose -2*q = -2*s + 72, 4*q - 5*q - 2*s = 33. Let j = q + 64. What is the units digit of j?
9
Let r(z) = -3*z + 9. Let y(k) = -4 + 3*k + k - 2*k. Let c(w) = 3*r(w) + 5*y(w). What is the units digit of c(-5)?
2
Let a = 3 + -3. Let n = 5 - a. Suppose 3*q - 16 = -4*l, 3*q = -0*l - n*l + 20. What is the units digit of l?
4
Suppose g = 3*p - 0*g - 6, -5*g = p - 18. Suppose -p*t + 13 - 37 = 0. Let d = t + 14. What is the units digit of d?
6
Let d = -3 - -4. Let s be 1/(d/((-5)/(-1))). Suppose 3*k - 1 = 2*k - s*w, 2*w = -2. What is the units digit of k?
6
Let s(g) = 5*g**2 - 7*g - 1. What is the tens digit of s(6)?
3
Suppose -5*d - 5*b + 30 = 0, -2*d + 2 + 25 = 5*b. Let c be 4/2 + -2 + 0. What is the units digit of -1 - d*(-5 + c)?
4
Let q(i) = 13*i**2 + 35*i + 53. Let s(j) = -3*j**2 - 9*j - 13. Let k(y) = -2*q(y) - 9*s(y). Let d be k(-10). What is the units digit of d/(-2)*48/(-3)?
8
Suppose 0*i = i + 1, 0 = 4*f - 2*i - 650. Suppose -5*v = -163 - f. Suppose 4*c - 68 = -4*l, c + 0*c - v = -5*l. What is the tens digit of l?
1
Suppose -u + 3*z - 1 = 0, -3*u + 2 + 17 = 2*z. Suppose 0 = -u*d - y + 298, -5*y + 50 = -0*d + d. Suppose q - 6*q + d = 0. What is the tens digit of q?
1
Let l(m) = 2*m**3 - 5*m**2 - m**3 + 4*m + 3 + m**3. Let t be l(4). Suppose -c + 22 = 2*d - 3, -t = -5*d - 4*c. What is the tens digit of d?
1
Let f = 16 - 9. What is the units digit of f?
7
Let a be (-2 - (-14)/4)*-2. Let q be ((-2)/(-4))/(a/(-12)). Let j = q - -8. What is the tens digit of j?
1
Suppose 2*z = 5*p + 22, -7 = -z + 5*p - 1. What is the units digit of z?
6
Suppose -2*j - 4*i + 30 - 4 = 0, 5*j -